mainder when (-1585)/(-45) - -4*2/(-36) is divided by 6.
5
Suppose 0 = -f + 2, 5*c + 4*f = 5 - 2. Let r = 0 - -18. Calculate the remainder when 13 is divided by c - (-5)/(15/r).
3
Let h(b) = -2*b**2 - 9*b + 3. Let r be h(-4). Suppose -39 = -r*j + 4*j. Calculate the remainder when 36 is divided by j.
10
Let x(c) = c + 3. Let k be (-28)/5 - 21/(-35). Calculate the remainder when -1 - (-34 - (k + 1)) is divided by x(5).
5
What is the remainder when (230/(-15))/(4/(-6)) is divided by 8?
7
Suppose -4*k + 67 = 5*r, -5*k - 2*r + r = -110. What is the remainder when k is divided by 9?
5
Let h = -13 - -25. Suppose -2 = u - 2*u. Suppose 2*v = -u*v + h. What is the remainder when 5 is divided by v?
2
Let i = -10 + 17. Let p(r) = 2*r + 7. Let y(k) = -k - 6. Let x(q) = 4*p(q) + 5*y(q). What is the remainder when x(i) is divided by 7?
5
Suppose -4*x = 2*h + 3*h - 3, 0 = -2*h - 2. Suppose -11 - 19 = x*c. Let j = c + 25. Calculate the remainder when 27 is divided by j.
7
Suppose 0 = 4*t - 3*t - 9. What is the remainder when -3*(708/t)/(-4) is divided by 20?
19
Let u = -1 + 7. Let h(g) be the first derivative of g**3/3 - g**2/2 + 4*g - 1. Calculate the remainder when h(-3) is divided by u.
4
Let i = 11 - 7. Let o(x) = -8*x - 8. Let a(f) = -f - 1. Let b(s) = -18*a(s) + 2*o(s). Calculate the remainder when b(2) is divided by i.
2
Let o(p) be the third derivative of p**5/60 - p**4/8 + p**3 + p**2. Calculate the remainder when o(8) is divided by 16.
14
Let q(b) = -b**2 - 7*b - 2. Calculate the remainder when (390/40)/((-1)/(-4)) is divided by q(-3).
9
Let q = -29 - -66. Calculate the remainder when 145 is divided by q.
34
Let q = -4 + 3. Let c(d) = 5*d**2 + d + 1. Calculate the remainder when 8 is divided by c(q).
3
Let h = -4 - -5. Suppose 33 - h = 2*n. Suppose 5*x = i - n, 2*x + 0 + 1 = -5*i. Calculate the remainder when 1 is divided by i.
0
Suppose 0*p - 2 = -p. Calculate the remainder when 2 is divided by p.
0
Suppose -s + 4*s = -21. Let x = 11 + s. Calculate the remainder when 10 is divided by x.
2
Suppose 4*h - 55 = d, 7*h - 3*d = 4*h + 39. Suppose 7*r = 4*r + 162. Calculate the remainder when r is divided by h.
12
Let l = 88 - 57. Calculate the remainder when 151 is divided by l.
27
Let u be (0 - 48/3)*-1. Suppose -5*m + u = 2*l, m + 3 = 4*l - 73. Calculate the remainder when l is divided by 5.
3
Suppose -s = 2*s. Calculate the remainder when 53 is divided by 16 + -2*(-1 - s).
17
Suppose 5*p = 4*p + 71. Suppose -2*k + 5*k - p = -5*a, 2*k - 2*a = 42. Calculate the remainder when 43 is divided by k.
21
Let o(m) = m**3 + 5*m**2 - m - 1. Let z(y) = -9*y. What is the remainder when z(-4) is divided by o(-4)?
17
Let c = -6 + 10. Let z be (42/c + 1)*2. Suppose 0 = -5*f - 3*h + 28, 5*f - h - z = 21. Calculate the remainder when 14 is divided by f.
6
Suppose -4*y = 2*d + 10, -11 = -2*d + y + 2*y. Let z(f) = -5 + d - 5*f + 4*f. Calculate the remainder when z(-9) is divided by 2.
1
Let i(q) = q**3 - 8*q**2 + 3*q - 7. What is the remainder when 50 is divided by i(8)?
16
Let t = -2 + 29. Calculate the remainder when t is divided by 10.
7
Let v(n) = -n**2 + 7*n + 3. Let a(z) = z**2 - 6*z + 4. What is the remainder when v(4) is divided by a(6)?
3
What is the remainder when (130/(-3))/((-5)/15) is divided by 33?
31
Let c = 85 - 49. Calculate the remainder when c is divided by 19.
17
Let q = 61 - -136. Suppose -5*k = 4*s - q, 2*k = s - 0*s - 46. What is the remainder when s is divided by 17?
14
Suppose 4*l - c = 27, l - 5*c = -2*l + 33. What is the remainder when 61 is divided by l/33 - 458/(-22)?
19
Let f(t) = t**2 - 2*t - 4. Let r be f(4). Let q(g) = g**2 - 2*g - 3. What is the remainder when 17 is divided by q(r)?
2
Let a = 13 - 2. Suppose -25 = -5*w, 4*y + 4*w = 39 - a. What is the remainder when (-1 + 2)/(y/74) is divided by 13?
11
Let u = 3 - 3. What is the remainder when 0 - 0 - u - -2 is divided by 2?
0
Let h(i) = i**3 - 9*i**2 - 9*i + 14. Calculate the remainder when 92 is divided by h(10).
20
Let b = 27 - 7. Calculate the remainder when -2 - (42 - 1)*-1 is divided by b.
19
Let a = -32 - -75. Suppose 48 = 3*q + 3*r, 0*r - 2*r = -4*q + 58. Calculate the remainder when a is divided by q.
13
Suppose -5*p = -13 + 3. Suppose -p*l + 37 = 3*b, -2*l + 43 = 2*b + 7. Let r = -8 - -14. What is the remainder when l is divided by r?
5
Calculate the remainder when (4 + -4 - 86)/(-2) is divided by 11.
10
Let z(j) = j**2 - j + 6. Let o be z(6). Suppose -2*w + o = 2*w. What is the remainder when 26 is divided by w?
8
Let u = 23 - 2. What is the remainder when u is divided by 11?
10
Calculate the remainder when (-11 + 12)*11*7 is divided by 13.
12
Suppose -3*c = -2*c - 4. Let l = 58 - 34. Let x = -17 + l. Calculate the remainder when x is divided by c.
3
Let l(a) = -a**3 + 9*a**2 - 6*a - 9. What is the remainder when 13 is divided by l(8)?
6
Let m(a) = -8*a**3 - 3*a**2 + 4*a + 2. What is the remainder when m(-2) is divided by 19?
8
Suppose -5*j = 4 - 64. Suppose f + 2*a = 3*a + 58, 0 = 3*a + j. What is the remainder when f is divided by 14?
12
Let i(c) = 5*c**2 + 4*c + 3. Let r be i(5). Suppose 4*g + 0*g - r = 0. Suppose 0 = -2*v + 7*v - 65. Calculate the remainder when g is divided by v.
11
Let c(p) = -20*p + 3. What is the remainder when c(-3) is divided by ((-3)/(-6))/(1/26)?
11
Suppose -y + 6 = y. Let d = 8 + y. What is the remainder when 21 is divided by d?
10
Calculate the remainder when 100 is divided by 752/22 - (-4)/(-22).
32
Let p be (162/(-4))/((-24)/32). Let r = p + -34. What is the remainder when 77 is divided by r?
17
Suppose -4*o = 5*t - 3*o - 245, 3*o = 5*t - 245. Let z(g) = g**3 + 6*g**2 + 2*g + 2. Calculate the remainder when t is divided by z(-5).
15
What is the remainder when ((-18)/8)/(-1) - 29/116 is divided by 2?
0
Let q(t) = 4*t**2 - 3*t + 3. Let v = 20 + -17. Calculate the remainder when q(v) is divided by 11.
8
Let s = 9 - 10. Let u be (-3)/9*(-10 - s). Let l = 43 + u. Calculate the remainder when l is divided by 16.
14
Let g = -28 + 31. Calculate the remainder when 26 is divided by g.
2
Let x(j) = 3*j**3 - 9*j**2 + 2*j + 3. Let r(g) = 7*g**3 - 19*g**2 + 3*g + 7. Let v(h) = 2*r(h) - 5*x(h). Calculate the remainder when v(6) is divided by 6.
5
Suppose 11 = 2*k - 11. Calculate the remainder when 4/(-2)*42/(-4) is divided by k.
10
Suppose 5*l = 2*y + 109, 4*y + 30 = 2*l - 20. Calculate the remainder when l is divided by ((-16)/2)/(2/(-3)).
9
Let t = -149 + 155. What is the remainder when 24 + 1*-2 - 0 is divided by t?
4
Let c = -17 + 33. Calculate the remainder when 47 is divided by c.
15
Suppose h - 5*h + 212 = 0. Let g = 96 - h. Let w = -35 - -57. What is the remainder when g is divided by w?
21
Suppose 5*s - 3*f - 27 + 9 = 0, 5*s + f - 34 = 0. Let l = -2 + s. Let r(w) = w**2 - 2*w - 1. What is the remainder when l is divided by r(3)?
0
Suppose 9*k = 4*k + 2*v + 56, 3*k = -4*v + 18. Let f = -9 - -48. What is the remainder when f is divided by k?
9
Let p(t) = t**2 + 1. Let u be p(1). Suppose -2*h + 5*l + 18 = -3*h, -2*l = -u*h + 24. What is the remainder when 26 is divided by h?
5
Let x = -175 + 265. What is the remainder when x is divided by 31?
28
Let i = -7 + 17. Let a(o) be the second derivative of 3*o**3 + o**2/2 + 2*o. Calculate the remainder when a(1) is divided by i.
9
Suppose 5*g - 76 = -3*c, 4*c + g - 92 = -g. Suppose 6 = -k + 17. Let b = c - k. What is the remainder when 32 is divided by b?
10
Suppose -6*f + 2*f = -68. Let t(p) = -p**2 - 9*p - 9. Let k be (27/6)/((-6)/8). Calculate the remainder when f is divided by t(k).
8
Let m(u) = -11*u - 3. Let t be m(-3). Let n be ((-1)/(-2))/(1/t). Let z = n + 25. Calculate the remainder when z is divided by 14.
12
Suppose 2*d - 40 = -2. What is the remainder when 73 is divided by d?
16
Suppose -4*h = -2*h. Suppose 2*l + l = h. Let m(u) = u**3 + 5. Calculate the remainder when m(l) is divided by 3.
2
Let p(h) = -2*h + 8. Let d be p(6). What is the remainder when (-40)/d - (1 - 0) is divided by (10 - 0)*(-3)/(-6)?
4
Suppose -3*i + 3*p = -0*p + 3, -i - 10 = -4*p. Let x = -29 + 17. What is the remainder when ((-17)/4 + i)*x is divided by 14?
13
Let m(w) = w - 8. Let v be m(7). Let p be (1/(-2))/(v/(-10)). Let j = -1 - p. What is the remainder when j is divided by 3?
1
Let m(t) = -t**3 + 2. Let k be m(0). S